841916?
1
What is the units digit of 229328?
8
What is the ten thousands digit of 1835305?
3
What is the millions digit of 1280443?
1
What is the tens digit of 6532160?
6
What is the ten thousands digit of 29070?
2
What is the units digit of 2265261?
1
What is the hundreds digit of 1080246?
2
What is the units digit of 3100076?
6
What is the tens digit of 14893492?
9
What is the hundred thousands digit of 687116?
6
What is the hundreds digit of 5866730?
7
What is the hundreds digit of 806568?
5
What is the tens digit of 130198?
9
What is the hundreds digit of 40989?
9
What is the thousands digit of 12782929?
2
What is the tens digit of 2769252?
5
What is the hundred thousands digit of 1729680?
7
What is the tens digit of 240188?
8
What is the ten thousands digit of 94551?
9
What is the ten thousands digit of 1087471?
8
What is the ten thousands digit of 1313257?
1
What is the hundreds digit of 201279?
2
What is the hundreds digit of 102606?
6
What is the millions digit of 5803068?
5
What is the ten thousands digit of 384122?
8
What is the millions digit of 4731339?
4
What is the ten thousands digit of 42314303?
1
What is the ten thousands digit of 28000717?
0
What is the tens digit of 14061405?
0
What is the millions digit of 3622703?
3
What is the millions digit of 4803469?
4
What is the tens digit of 192025?
2
What is the hundred thousands digit of 15646299?
6
What is the hundred thousands digit of 5206207?
2
What is the hundreds digit of 639966?
9
What is the millions digit of 2069931?
2
What is the millions digit of 2427856?
2
What is the ten thousands digit of 147970?
4
What is the ten thousands digit of 578365?
7
What is the units digit of 239068?
8
What is the hundred thousands digit of 1054556?
0
What is the hundreds digit of 670515?
5
What is the units digit of 146585?
5
What is the tens digit of 10667988?
8
What is the millions digit of 7141503?
7
What is the tens digit of 2511866?
6
What is the ten thousands digit of 5147013?
4
What is the thousands digit of 152501?
2
What is the ten thousands digit of 977738?
7
What is the millions digit of 5983685?
5
What is the millions digit of 2602304?
2
What is the hundred thousands digit of 126919?
1
What is the hundred thousands digit of 704805?
7
What is the thousands digit of 86303?
6
What is the units digit of 453000?
0
What is the units digit of 302578?
8
What is the tens digit of 19511?
1
What is the tens digit of 1314323?
2
What is the ten thousands digit of 384506?
8
What is the ten thousands digit of 137062?
3
What is the tens digit of 446758?
5
What is the units digit of 21626937?
7
What is the thousands digit of 570914?
0
What is the units digit of 77164?
4
What is the ten thousands digit of 1578735?
7
What is the ten thousands digit of 1058623?
5
What is the tens digit of 1493341?
4
What is the hundreds digit of 2296789?
7
What is the millions digit of 9492414?
9
What is the ten thousands digit of 2726646?
2
What is the millions digit of 1516969?
1
What is the hundreds digit of 218512?
5
What is the ten thousands digit of 304400?
0
What is the tens digit of 580274?
7
What is the thousands digit of 201591?
1
What is the tens digit of 3035989?
8
What is the tens digit of 2254790?
9
What is the units digit of 4295562?
2
What is the hundred thousands digit of 2626859?
6
What is the units digit of 4537714?
4
What is the units digit of 1810788?
8
What is the hundreds digit of 1159202?
2
What is the ten thousands digit of 8084209?
8
What is the units digit of 1065401?
1
What is the thousands digit of 1406828?
6
What is the thousands digit of 1434643?
4
What is the units digit of 2402783?
3
What is the tens digit of 285943?
4
What is the ten thousands digit of 178086?
7
What is the millions digit of 2752471?
2
What is the thousands digit of 354293?
4
What is the hundreds digit of 31027095?
0
What is the hundreds digit of 768545?
5
What is the ten thousands digit of 513858?
1
What is the hundred thousands digit of 975591?
9
What is the units digit of 604933?
3
What is the thousands digit of 761624?
1
What is the ten thousands digit of 420958?
2
What is the thousands digit of 31062891?
2
What is the hundreds digit of 230558?
5
What is the units digit of 523070?
0
What is the hundred thousands digit of 4057487?
0
What is the tens digit of 686696?
9
What is the ten thousands digit of 338257?
3
What is the hundreds digit of 304751?
7
What is the units digit of 1058094?
4
What is the ten thousands digit of 264860?
6
What is the hundred thousands digit of 1230556?
2
What is the hundreds digit of 9928536?
5
What is the thousands digit of 726006?
6
What is the units digit of 804583?
3
What is the thousands digit of 171009?
1
What is the tens digit of 11589154?
5
What is the units digit of 67770?
0
What is the ten thousands digit of 4552176?
5
What is the tens digit of 496977?
7
What is the hundreds digit of 13921135?
1
What is the tens digit of 209884?
8
What is the hundreds digit of 95307?
3
What is the thousands digit of 20829799?
9
What is the tens digit of 147118?
1
What is the ten thousands digit of 1147234?
4
What is the hundreds digit of 813648?
6
What is the hundred thousands digit of 4802254?
8
What is the thousands digit of 382581?
2
What is the ten thousands digit of 150525?
5
What is the hundred thousands digit of 152695?
1
What is the units digit of 3050495?
5
What is the units digit of 337017?
7
What is the tens digit of 22955231?
3
What is the ten thousands digit of 322191?
2
What is the thousands digit of 127128?
7
What is the thousands digit of 639688?
9
What is the hundred thousands digit of 19125460?
1
What is the thousands digit of 25575192?
5
What is the hundreds digit of 1049895?
8
What is the tens digit of 89136?
3
What is the units digit of 11814954?
4
What is the hundreds digit of 571462?
4
What is the units digit of 218321?
1
What is the millions digit of 10383479?
0
What is the hundreds digit of 1467412?
4
What is the tens digit of 166154?
5
What is the thousands digit of 40251863?
1
What is the tens digit of 1960403?
0
What is the ten thousands digit of 30250113?
5
What is the hundred thousands digit of 909797?
9
What is the tens digit of 44440?
4
What is the ten thousands digit of 804715?
0
What is the millions digit of 5212687?
5
What is the thousands digit of 67339?
7
What is the ten thousands digit of 3621035?
2
What is the thousands digit of 1146870?
6
What is the hundreds digit of 174734?
7
What is the thousands digit of 759713?
9
What is the units digit of 339959?
9
What is the ten thousands digit of 180496?
8
What is the hundred thousands digit of 338389?
3
What is the hundred thousands digit of 630947?
6
What is the ten thousands digit of 8548952?
4
What is the hundreds digit of 13009424?
4
What is the thousands digit of 39097?
9
What is the thousands digit of 282696?
2
What is the hundreds digit of 456094?
0
What is the hundred thousands digit of 12689622?
6
What is the hundreds digit of 7710?
7
What is the hundreds digit of 215829?
8
What is the tens digit of 2021329?
2
What is the units digit of 1399086?
6
What is the hundreds digit of 862181?
1
What is the thousands digit of 7655016?
5
What is the ten thousands digit of 624423?
2
What is the tens digit of 7770311?
1
What is the hundred thousands digit of 156684?
1
What is the ten thousands digit of 356616?
5
What is the ten thousands digit of 331578?
3
What is the thousands digit of 4694315?
4
What is the ten thousands digit of 8840517?
4
What is the millions digit of 11270676?
1
What is the hundreds digit of 135517?
5
What is the ten thousands digit of 6456613?
5
What is the hundreds digit of 473459?
4
What is the thousands digit of 34120?
4
What is the units digit of 1602705?
5
What is the tens digit of 940642?
4
What is the ten millions digit of 18862078?
1
What is the millions digit of 2272092?
2
What is the hundreds digit of 1631822?
8
What is the tens digit of 144522?
2
What is the thousands digit of 18817?
8
What is the hundreds digit of 109314?
3
What is the hundred thousands digit of 367206?
3
What is the tens digit of 6154?
5
What is the units digit of 3937242?
2
What is the hundreds digit of 935650?
6
What is the units digit of 814951?
1
What is the hundreds digit of 1865577?
5
What is the h